{"id":367,"date":"2016-02-26T22:30:35","date_gmt":"2016-02-26T22:30:35","guid":{"rendered":"https:\/\/faroldoforte.com.br\/inicial\/?post_type=product&#038;p=367"},"modified":"2021-02-17T13:13:24","modified_gmt":"2021-02-17T13:13:24","slug":"auditoria-em-saude-volume-1","status":"publish","type":"product","link":"https:\/\/faroldoforte.com.br\/inicial\/produto\/auditoria-em-saude-volume-1\/","title":{"rendered":"Auditoria em Sa\u00fade &#8211; Volume 1"},"content":{"rendered":"<p><b>Auditoria em Sa\u00fade : 100 perguntas e respostas sobre contas m\u00e9dicas &#8211; Volume 1<br \/>\n<\/b>Autora: Giuseppina Pellegrini<\/p>\n<p><a href=\"https:\/\/faroldoforte.com.br\/inicial\/wp-content\/uploads\/2013\/06\/1-auditoria.jpg\"><img fetchpriority=\"high\" decoding=\"async\" class=\"alignright size-full wp-image-78\" src=\"https:\/\/faroldoforte.com.br\/inicial\/wp-content\/uploads\/2013\/06\/1-auditoria.jpg\" alt=\"1-auditoria\" width=\"300\" height=\"300\" srcset=\"https:\/\/faroldoforte.com.br\/inicial\/wp-content\/uploads\/2013\/06\/1-auditoria.jpg 300w, https:\/\/faroldoforte.com.br\/inicial\/wp-content\/uploads\/2013\/06\/1-auditoria-100x100.jpg 100w, https:\/\/faroldoforte.com.br\/inicial\/wp-content\/uploads\/2013\/06\/1-auditoria-150x150.jpg 150w\" sizes=\"(max-width: 300px) 100vw, 300px\" \/><\/a>Em tempos de competitividade crescente ganha import\u00e2ncia a \u00e1rea de auditoria, sobretudo na \u00e1rea da sa\u00fade. Mais do que uma atividade de verifica\u00e7\u00e3o e controle, torna-se cada vez mais estrat\u00e9gica ao permitir a correta condu\u00e7\u00e3o dos diversos processos relacionados \u00e0 cobran\u00e7a da conta m\u00e9dica.<\/p>\n<p>Em um pr\u00e1tico formato de perguntas e respostas, a Dra. Giuseppina Pellegrini, ou simplesmente Pinna, como \u00e9 bastante conhecida, esclarece muitos aspectos relacionados ao tema.<\/p>\n<p>Sua linguagem direta, embasada por anos de experi\u00eancia como auditora e consultora, facilita a compreens\u00e3o e, certamente, permitir\u00e1 resultados r\u00e1pidos se aplicados adequadamente.<\/p>\n<p>AUTORA: Dra. Giuseppina Pellegrini, \u00e9 m\u00e9dica e administradora hospitalar; MBA em Gest\u00e3o de Planos de Sa\u00fade, Consultora em Servi\u00e7os de Sa\u00fade em Operadoras, Hospitais e Cl\u00ednicas; Professora Universit\u00e1ria de Estat\u00edstica M\u00e9dica, Planejamento em Sa\u00fade e Sa\u00fade P\u00fablica; Professora de Cursos de P\u00f3s Gradua\u00e7\u00e3o na \u00e1rea de sa\u00fade; Auditora M\u00e9dica de Conv\u00eanios e Hospitais; Consultora de Gest\u00e3o em sa\u00fade nas \u00e1reas Comercial, de Faturamento, Negocia\u00e7\u00e3o, Recurso de Glosas, Central de Autoriza\u00e7\u00f5es, Formata\u00e7\u00e3o de pre\u00e7os de vendas de servi\u00e7os para conv\u00eanios.<\/p>\n<p>Formato: 15 x 21 cm<br \/>\nP\u00e1ginas: 144 p\u00e1gs.<br \/>\nEncaderna\u00e7\u00e3o: lombada quadrada\/brochura (capa simples)<br \/>\nAno: 2011<br \/>\nEditora: Farol do Forte<\/p>\n","protected":false},"excerpt":{"rendered":"<p>Auditoria em Sa\u00fade &#8211; Volume 1 : 100 perguntas e respostas sobre contas m\u00e9dicas<\/p>\n","protected":false},"featured_media":524,"comment_status":"closed","ping_status":"closed","template":"","meta":{"content-type":""},"product_brand":[],"product_cat":[84,74],"product_tag":[116,108,109,110,111,112,115,113,114],"class_list":{"0":"post-367","1":"product","2":"type-product","3":"status-publish","4":"has-post-thumbnail","6":"product_cat-administracao","7":"product_cat-saude","8":"product_tag-administracao-hospitalar","9":"product_tag-auditoria","10":"product_tag-auditoria-em-saude","11":"product_tag-auditoria-medica","12":"product_tag-gestao-hospitalar","13":"product_tag-giuseppina-pellegrini","14":"product_tag-hospital","15":"product_tag-medica","16":"product_tag-saude","18":"first","19":"instock","20":"shipping-taxable","21":"purchasable","22":"product-type-simple"},"_links":{"self":[{"href":"https:\/\/faroldoforte.com.br\/inicial\/wp-json\/wp\/v2\/product\/367","targetHints":{"allow":["GET"]}}],"collection":[{"href":"https:\/\/faroldoforte.com.br\/inicial\/wp-json\/wp\/v2\/product"}],"about":[{"href":"https:\/\/faroldoforte.com.br\/inicial\/wp-json\/wp\/v2\/types\/product"}],"replies":[{"embeddable":true,"href":"https:\/\/faroldoforte.com.br\/inicial\/wp-json\/wp\/v2\/comments?post=367"}],"wp:featuredmedia":[{"embeddable":true,"href":"https:\/\/faroldoforte.com.br\/inicial\/wp-json\/wp\/v2\/media\/524"}],"wp:attachment":[{"href":"https:\/\/faroldoforte.com.br\/inicial\/wp-json\/wp\/v2\/media?parent=367"}],"wp:term":[{"taxonomy":"product_brand","embeddable":true,"href":"https:\/\/faroldoforte.com.br\/inicial\/wp-json\/wp\/v2\/product_brand?post=367"},{"taxonomy":"product_cat","embeddable":true,"href":"https:\/\/faroldoforte.com.br\/inicial\/wp-json\/wp\/v2\/product_cat?post=367"},{"taxonomy":"product_tag","embeddable":true,"href":"https:\/\/faroldoforte.com.br\/inicial\/wp-json\/wp\/v2\/product_tag?post=367"}],"curies":[{"name":"wp","href":"https:\/\/api.w.org\/{rel}","templated":true}]}}